 - 14. Let z be m(8). Let y(p) = -99*p + 50*p - p**z + 61*p + 2. Calculate y(13).
-11
Let m be 0*((-140)/42 - -3). Let p(b) = b**2 + 11. What is p(m)?
11
Let c(r) = 9*r - 15*r - r**3 + 2*r**2 + r**2 + 7*r. Suppose -y - 35 = -5*h - 2*y, 2*h - 14 = 5*y. Let p be 6 - h/((-7)/(-4)). Calculate c(p).
6
Let j(y) be the third derivative of y**5/60 + 2*y**4/3 + 37*y**3/6 - 1048*y**2. Determine j(-15).
22
Let q(y) be the second derivative of y**5/20 - 19*y**4/6 + 5*y**3/6 - 187*y**2/2 - 3740*y. What is q(38)?
3
Let v = -342 - -341. Let f(p) = 28*p - 13. Calculate f(v).
-41
Let d be (-1)/(-6)*-3*1*108/(-162). Let y(t) be the third derivative of d*t**3 + 0*t + 0 - 5*t**2 + 1/24*t**4. What is y(4)?
6
Let x(c) = -2*c + 51. Let p be ((-2)/(-12))/(114/14668) - 8/18. Give x(p).
9
Let q be (-1558)/2337 + (0 - 1) + (-11)/(-3). Let i(o) = -11*o + 11. Let w(b) = -5*b + 5. Let u(c) = 4*i(c) - 9*w(c). What is u(q)?
1
Let m(c) be the first derivative of c**4 + c**3/3 - c**2/2 - c + 1106. Determine m(1).
3
Let v(u) = -7*u**3 + 12*u**2 + 11*u - 5. Let a(w) = w**3 - w**2 - 2*w. Let k(p) = -6*a(p) - v(p). Suppose -2*j - 4 = 0, 0*t - 4*j - 20 = -2*t. What is k(t)?
11
Let s(m) = -4*m - 18. Suppose 3*r = 5*a - 34, 5*r + 27*a + 102 = 24*a. Let t be (-2)/r - 1417/117. Determine s(t).
30
Let c(y) = -y - 1. Let x(d) = 2*d**2 - 6*d - 5. Let s(f) = 5*c(f) - x(f). Suppose -b + 6*b - 80 = 0. Let p be ((-9)/2)/3*b/(-12). Calculate s(p).
-6
Let n(l) be the third derivative of l**9/60480 - l**8/2520 + l**7/5040 - l**6/360 + 2*l**5/5 - 5*l**2. Let p(g) be the third derivative of n(g). Determine p(8).
6
Let g(k) = k**2 + 4*k - 24. Let t be g(-8). Suppose 9*n + 4*l + 20 = 5*n, -l - t = 4*n. Let c(o) = -12*o**3 - 2*o**2 - 2*o - 1. What is c(n)?
11
Let y be (-22)/(-6)*1 + (-11)/(-33). Suppose 0 = -3*i + 5*g + 5 - 21, i = -y*g + 23. Let x(k) = -609*k - i + 4 + 610*k + 4*k**2. Give x(-1).
4
Let x(k) be the third derivative of k**5/60 - k**4/2 + 14*k**3/3 - 12592*k**2. Give x(8).
-4
Suppose -4*z = -0*z. Suppose z = 4*g - 66 - 10. Let w = -19 + g. Let a(q) = q**3 - q**2 - 9. Determine a(w).
-9
Let b(t) = -t**3 + 5*t**2 + 6*t + 2. Suppose 4*m - 2 - 6 = 0. Suppose 0 = -m*s - 2*k + 18, 0 = 5*s + 2*k - 3*k - 27. What is b(s)?
2
Suppose 6*a - 22962 = -3804. Let l(o) = 3190 + o - o - a + o**2. Determine l(0).
-3
Let l(o) = 130415 - 130431 + 12*o**2 - 9*o**2 - o**3 - 9*o. Determine l(-4).
132
Let u(b) = -8*b - 1. Let t be 4 + ((-14)/(-21))/(4/(-12)). Suppose t*g + 1 = 5*p - 0, -2*g - 8 = 2*p. What is u(p)?
7
Suppose -p + 7 = 2. Let g(j) be the third derivative of -j**5/60 + 5*j**4/24 + 5*j**3/6 + 19*j**2 - 2*j. What is g(p)?
5
Suppose 2*w - 5*v = -12, -2*w - 45*v = -44*v - 24. Let y(p) = -11*p + 40. What is y(w)?
-59
Let c(i) be the third derivative of i**5/40 - i**4/12 + 5*i**3/3 - 7*i**2. Let y(f) be the first derivative of c(f). Let w be (-8)/(-5)*(-10)/(-4). Give y(w).
10
Suppose -46*u + 144 = -22*u. Let m(w) = -5*w**3 + 6*w**2 - 66*w + 4*w**3 + 67*w. Give m(u).
6
Let l(b) be the third derivative of 1/30*b**5 + 0*b + 1/12*b**4 + 1/120*b**6 + 1/6*b**3 + 0 - 50*b**2. What is l(-2)?
-3
Let u be -21*(-3 + 610/210). Let t(k) = 5*k + 6. What is t(u)?
16
Let b(v) = v**3 + 18*v**2 + 16*v + 16. Let t = -5900 - -5883. Give b(t).
33
Let w(u) = 2*u**2 - 3*u - 12. Suppose 532*v - 531*v - 2 = 0, -2*k + 2*v = 8. Determine w(k).
2
Let x be (8/(-6))/(462/(-90) + 5). Suppose 0 = -x*l + 41 - 1. Let h(d) = 3 + 0*d**2 + d**2 - 7*d + 3*d. Give h(l).
3
Suppose 45*d + 185 = 9*d - d. Let r(j) = 10*j - 4. What is r(d)?
-54
Let p(g) = -2*g - 28. Let x = -5316 - -5316. Give p(x).
-28
Let s(j) be the first derivative of -19*j**2/2 - 12*j - 88. Let m(y) = 36*y + 21. Let n(q) = 6*m(q) + 11*s(q). Give n(4).
22
Let p(z) = 1. Let b(n) = n - 15. Suppose -15*r + 10 + 5 = 0. Let l(o) = r*b(o) + p(o). Calculate l(9).
-5
Let h(s) be the second derivative of -s**5/60 - s**4/4 + 26*s**3/3 + 48*s. Let o(m) be the second derivative of h(m). Calculate o(-5).
4
Let x(r) = -r**3 + 6*r**2 - 4*r - 1. Suppose 6*o = -7*o + 39. Suppose o*l - 37 = s + 30, 0 = 4*l + s - 87. Suppose -y = 3*y + 2*z - l, 5*z + 5 = 5*y. Give x(y).
15
Let r(k) = -k - 30. Suppose 0 = -4*d + n - 117, 76 = -67*d + 65*d + 4*n. Calculate r(d).
-2
Let w(p) = 95*p - 273 + 79*p**2 + 82*p**2 + 75*p**2 - 237*p**2. Give w(3).
3
Let l(a) be the first derivative of -a**3 - 5*a**2 - 2*a + 142. Calculate l(-6).
-50
Let t(n) = 5*n + 21. Let h be t(-5). Let v be (4/2)/(h - -5). Let l(x) = -2*x**2 - 3*x + 3. Determine l(v).
-11
Let h = 526 + -740. Let d = 220 + h. Let r(x) = -x**3 + 5*x**2 + 5*x + 6. Calculate r(d).
0
Let s(f) = -2*f**2 + 4*f - 1. Suppose -d - 4*k = 2 + 5, -3*d + 5*k = -30. Suppose -10*c + 116 = 86. Let z be c*(2*1 - (-4 + d)). Determine s(z).
-7
Let p(j) = -15*j**3 + j**2 - 2*j + 2. Let v(t) = t**3 + t**2 - 44*t - 83. Let g be v(7). Give p(g).
-14
Let r(l) = 6*l - 17. Let z(j) = -j + 2. Let f(t) = r(t) + 5*z(t). Let u = -204 - -211. Calculate f(u).
0
Let h(j) = 5*j**3 + 5*j**2 + 10*j + 8. Suppose 5*x = 3*v + 5 + 6, -6*x + 39 = 5*v. Let z(w) = 4*w**3 + 4*w**2 + 8*w + 7. Let t(i) = x*z(i) - 3*h(i). Give t(3).
46
Let z be (-16)/(-40)*(-85)/34. Let s(c) = -30*c**2 - 3*c - 2. Give s(z).
-29
Let q(z) be the second derivative of -z**4/12 - 5*z**3/3 + 10*z**2 + 475*z. Determine q(-9).
29
Suppose -4*y = -1 + 17. Let z(r) = 5 + 66*r**2 - 14*r**2 - 20*r**2 - 17*r**2 + r**3 - 3*r - 12*r**2. Calculate z(y).
1
Let x(v) = -1162302 - v**2 + 1162302 + 3*v + 9*v. Calculate x(13).
-13
Let y(s) = -3*s**2 + 131*s + 36. Let x(l) = -3*l**2 + 89*l + 37. Let g(m) = 5*x(m) - 4*y(m). Calculate g(-27).
-13
Let b(n) = -354*n - 360*n + 67 - 362*n + 1066*n. Give b(8).
-13
Let z(v) = -2*v - 381. Let j(s) = 2*s + 750. Let t(p) = -6*j(p) - 11*z(p). Determine t(31).
1
Let l(c) be the first derivative of c**3 + c**2 - 2. Let k(s) be the first derivative of -s**3/3 - 19*s**2/2 - 62*s + 76. Let z be k(-4). Determine l(z).
8
Let d be (4 + 240/(-35))/(6/(-21)). Suppose 15*g = d*g + 10. Suppose g*a - 11*a + 54 = 0. Let x(l) = -l**2 + 4*l - 1. Calculate x(a).
-13
Let b be ((-155)/(-465))/((-1)/9). Let o(z) = z**2 - 21*z - 73. Give o(b).
-1
Let z(p) = -14*p**3 - 3*p**2 - 3*p. Suppose 2*y + 104 = -11*y - 39*y. Determine z(y).
106
Let s = -64 - -69. Let c(u) = u**3 - 2 - 618*u**2 - 5*u + 615*u**2 - 4. Calculate c(s).
19
Let s(d) = d**2 + 191*d - 3754. Let o be s(18). Let n(f) be the third derivative of -f**4/12 - f**3/3 + f**2. Calculate n(o).
-18
Let f(p) = 317*p + 4760. Let a be f(-15). Let l(m) be the first derivative of -1/4*m**4 + 2*m + 3/2*m**2 + 5/3*m**3 + 4. What is l(a)?
17
Let w(b) = -11*b**3 - 14*b**2 - 23*b + 15. Let u(q) = -9*q**3 - 14*q**2 - 22*q + 16. Let n(v) = -6*u(v) + 5*w(v). What is n(15)?
9
Let f be 0/7 - 15/(2 + -5). Suppose f = k + 2. Let r(t) = -6*t + 3. What is r(k)?
-15
Let g(m) = 9*m. Let n(k) be the third derivative of 5*k**4/24 + 22*k**2. Let y(o) = -6*g(o) + 11*n(o). Let z = -23 - -25. Give y(z).
2
Suppose -37 = -5*y - r, -7*y + 8*y - 15 = -4*r. Let l(a) = -10*a + 23 - y + a**2 - 5. Calculate l(8).
-5
Suppose 0 = -21*m + 20*m + 4*r + 5, -5*m + 40 = -5*r. Let f(h) = -m*h + 3 + 10*h + 0 - 6*h - h. What is f(1)?
-3
Let f = -61 + 21. Let v be -8*5/f*1. Let j(g) = -9*g**2 + 2*g - 1. Give j(v).
-8
Suppose -4*d - 39 - 5 = -4*m, 0 = -3*m + d + 27. Suppose -m*z + 1172 = -212. Let o(a) = 1 - 2*a**2 + 174*a - z*a + 0. What is o(2)?
-5
Suppose -3*b - z = b - 12, 5*b = 3*z + 32. Suppose b*h + 1 + 3 = 0. Let p(r) = -4*r**2. Calculate p(h).
-4
Let j be 14/84 + 209/6. Suppose -26*c - 9*c + j = 0. Let u(z) = -14*z**2 - 2*z + 1. What is u(c)?
-15
Let i(c) = -c**3 - 27*c**2 - 41*c + 221. Let m be i(-25). Let o(a) = -a**2 - 5*a - 13. Calculate o(m).
-9
Suppose 4*s = -2*r - 4, 0*r = -4*r - 2*s + 4. Let a(i) = 4*i - 6 + 6 + r*i + 4 - i**2. Calculate a(4).
12
Let j(x) = 7*x**2 - 30*x + 67580 - 21*x**2 - 67584 + 33*x. Determine j(2).
-54
Let i(w) = 2*w**3 - 35*w**2 + 20*w - 13. Let c(j) = j**3 - 18*j**2 + 9*j - 6. Let f(r) = -5*c(r) + 3*i(r). Let a be f(14). Let h(t) = -t + 12. Calculate h(a).
7
Let j = 39 - 33. Let u(x) = j*x + 2 + 39*x**3 - 76*x**3 + 4*x**2 + 36*x**3. Suppose 13 = 2*r + 3. Give u(r).
7
Let v(f) = 4 - 4*f**2 - 4 - 1 + 11*f**2 + 2*f. Let c = 96 + 8. Let u = -103 + c. Give v(u).
8
Let n(